16*q**2 - 7*q + 6. Calculate i(3).
3
Let v(c) = 2*c**2 - 100*c + 663. Calculate v(42).
-9
Let t(b) = b**3 - 22*b**2 + 51*b - 22. Determine t(19).
-136
Let r(p) = 2*p**3 - 26*p**2 - 13*p + 98. What is r(13)?
-71
Let t(u) = u**3 - 8*u**2 + 86*u - 679. What is t(8)?
9
Let i(o) = 271*o - 2195. Calculate i(8).
-27
Let h(y) = 36*y - 362. Give h(13).
106
Let k(h) = 5*h**2 + 3*h - 9. Determine k(-5).
101
Let z(w) = -w**2 + 108*w - 531. Give z(5).
-16
Let f(l) = l**2 - 4*l - 89. Determine f(-7).
-12
Let v(z) = -11*z**2 - 10*z - 2. What is v(-3)?
-71
Let w(f) = -f**3 - 2*f**2 - 3*f + 56. Give w(0).
56
Let x(z) = z**3 - 14*z**2 - 11*z - 51. Calculate x(15).
9
Let z(n) = -5*n**2 - 195*n - 200. Calculate z(-38).
-10
Let p(q) = 51*q + 510. Calculate p(-10).
0
Let p(q) = -12*q**2 + 207*q - 243. Calculate p(16).
-3
Let i(q) = q**2 + 158*q + 2545. Give i(-18).
25
Let v(n) = 4972*n + 49712. Give v(-10).
-8
Let b(g) = -2*g**3 + 35*g**2 - 20*g - 169. What is b(16)?
279
Let z(x) = -x**2 + 3*x - 6. Calculate z(5).
-16
Let u(v) = 37*v + 77. Determine u(-2).
3
Let c(y) = y**2 - 11*y - 25. Calculate c(8).
-49
Let b(m) = -m**3 + 5*m**2 - 36*m + 205. Calculate b(5).
25
Let f(g) = g**3 + 37*g**2 + 210*g + 11. Give f(-30).
11
Let u(o) = 4*o**2 + 42*o + 93. Determine u(-2).
25
Let k(m) = 45*m**2 - 1. What is k(5)?
1124
Let z(j) = j**3 - 24*j**2 + 3*j - 66. Calculate z(24).
6
Let a(h) = -476*h + 1894. What is a(4)?
-10
Let f(t) = -18*t**2 + 1585*t - 79. Calculate f(88).
9
Let j(n) = n**2 - 33*n - 481. Determine j(-11).
3
Let i(k) = -26*k - 483. What is i(-16)?
-67
Let w(r) = -3*r**2 - 34*r + 251. Determine w(7).
-134
Let f(h) = -h**3 + 2*h**2 + 149*h - 67. Determine f(13).
11
Let h(i) = 313*i + 1250. Give h(-4).
-2
Let s(y) = -305*y + 6399. Calculate s(21).
-6
Let v(l) = 16*l - 721. Give v(33).
-193
Let i(g) = -g**2 - 23*g - 21. Determine i(-24).
-45
Let q(t) = -15*t + 607. What is q(52)?
-173
Let d(h) = 2*h**3 + 28*h**2 + 43*h. Give d(-13).
-221
Let u(s) = s**2 + 55*s + 734. What is u(-22)?
8
Let n(r) = -79*r + 633. What is n(8)?
1
Let b(j) = 13*j**3 + 106*j**2 + 13*j - 26. Calculate b(-8).
-2
Let v(n) = -2*n**3 + 7*n**2 + 58*n - 45. Give v(9).
-414
Let v(n) = -253*n + 251. Determine v(1).
-2
Let u(a) = 2*a**2 + 146*a - 787. Calculate u(5).
-7
Let w(i) = -5*i**2 - 10*i + 184. What is w(-7)?
9
Let w(f) = -56*f - 200. What is w(-4)?
24
Let l(r) = 3*r**2 + 9*r - 82. What is l(14)?
632
Let g(k) = k**2 - 102*k - 22986. Determine g(211).
13
Let q(d) = d**3 - 4*d**2 - 34*d - 5. Determine q(7).
-96
Let p(n) = 64*n**3 + n**2 - 10*n + 9. Calculate p(1).
64
Let k(f) = f**3 - 18*f**2 - 66*f + 185. Give k(-5).
-60
Let p(x) = -3*x**2 - 10*x - 7. Calculate p(-4).
-15
Let d(x) = 3*x**3 - 29*x**2 + 43*x - 16. Determine d(7).
-107
Let c(b) = b**3 + 68*b**2 + 70*b + 223. Give c(-67).
22
Let l(z) = 34*z - 39. What is l(6)?
165
Let n(d) = 47*d - 813. Determine n(17).
-14
Let r(p) = -62*p + 4151. Determine r(67).
-3
Let b(l) = 70*l**2 + 844*l + 55. Give b(-12).
7
Let o(t) = -913*t**2 + 2742*t - 13. Give o(3).
-4
Let g(d) = -29*d + 385. Give g(11).
66
Let z(l) = 2*l**3 + 21*l**2 - 37*l - 25. Calculate z(-12).
-13
Let x(v) = v**3 + 31*v**2 + 10*v + 230. Calculate x(-31).
-80
Let h(q) = 95*q + 133. Give h(-1).
38
Let a(k) = -3812*k - 49551. Give a(-13).
5
Let k(d) = -4*d**2 - 102*d + 857. Calculate k(8).
-215
Let v(r) = -14*r + 205. Calculate v(15).
-5
Let q(x) = -x**3 + 2*x**2 + 21*x - 39. Calculate q(-6).
123
Let u(a) = -24*a - 75. Give u(-3).
-3
Let u(m) = -9*m**3 + 2*m**2 + 5*m + 2. Give u(-1).
8
Let y(z) = -96*z + 1627. Determine y(17).
-5
Let k(r) = 5*r + 420. Give k(-87).
-15
Let n(a) = -18*a**2 - 54*a - 46. Calculate n(0).
-46
Let l(u) = 631*u + 3159. Calculate l(-5).
4
Let s(u) = -6*u**2 + 247*u - 15. What is s(41)?
26
Let z(w) = -156*w + 1. Give z(1).
-155
Let a(g) = -64*g - 344. Determine a(-5).
-24
Let x(o) = -o**3 + 11*o**2 + 13*o + 12. Determine x(13).
-157
Let d(y) = 7*y**2 - 142*y + 747. Give d(10).
27
Let t(d) = -2*d**3 - 6*d**2 - d - 7. What is t(0)?
-7
Let c(t) = 70*t**2 - 1611*t + 14. What is c(23)?
-9
Let m(h) = 51*h + 419. Determine m(-8).
11
Let z(q) = -358*q + 32. Calculate z(0).
32
Let v(l) = 5*l**2 + 81. Determine v(0).
81
Let h(a) = -117*a + 138. Give h(5).
-447
Let b(a) = 32*a + 498. Determine b(-9).
210
Let f(b) = -134*b**2 - 406*b - 4. Determine f(-3).
8
Let u(m) = -11*m**2 - 5*m - 17. Determine u(3).
-131
Let h(r) = 2*r**3 - 37*r**2 + 29*r + 41. What is h(18)?
239
Let k(r) = 163*r - 477. What is k(2)?
-151
Let w(d) = d**3 + 48*d**2 + 119*d - 29. Calculate w(-45).
691
Let n(k) = -10*k**2 - 487*k - 344. What is n(-48)?
-8
Let c(v) = 3*v**3 - 74*v**2 + 58*v - 198. Give c(24).
42
Let w(y) = 4*y**2 + 294*y + 157. Give w(-73).
11
Let l(h) = h**3 - 24*h**2 - 117*h + 54. What is l(28)?
-86
Let v(s) = -s**3 + 68*s**2 - 68*s + 137. Determine v(67).
70
Let f(y) = y**3 - 12*y**2 - 112*y + 5. Determine f(18).
-67
Let l(s) = s**2 - 28*s - 108. Determine l(35).
137
Let m(p) = -48*p - 102. Give m(-4).
90
Let j(n) = n**3 - 88*n**2 - 99*n + 878. What is j(89)?
-12
Let j(u) = 526*u + 1615. Give j(-3).
37
Let c(m) = -2*m**3 - 87*m**2 - 121*m + 212. Calculate c(-42).
2
Let s(t) = -477*t - 4295. Determine s(-9).
-2
Let u(z) = 3*z**2 + 314*z + 215. What is u(-104)?
7
Let z(s) = s**3 + 53*s**2 - 182*s - 134. What is z(-56)?
650
Let j(v) = -v**2 - 564*v - 1687. Determine j(-3).
-4
Let c(y) = -4*y**2 + 126*y + 25. Calculate c(30).
205
Let g(d) = -4*d**2 + 231*d - 177. Determine g(57).
-6
Let y(c) = 2*c**3 + 26*c**2 + 72*c - 67. Determine y(-7).
17
Let a(m) = 140*m**3 + 2*m**2 + 6*m + 7. Give a(-1).
-137
Let s(q) = -2*q**3 - 88*q**2 + q + 30. Calculate s(-44).
-14
Let c(i) = -i**3 + 10*i**2 + 21*i - 53. What is c(12)?
-89
Let u(r) = 1333*r - 5338. Calculate u(4).
-6
Let p(f) = f**2 - 222*f + 9521. Calculate p(58).
9
Let h(i) = -i**3 + 13*i**2 - 21*i - 18. Give h(11).
-7
Let n(z) = -1546*z - 12377. Determine n(-8).
-9
Let i(j) = -27*j**3 - 51*j**2 - 5*j - 10. Give i(-2).
12
Let n(r) = -227*r**2 + 9*r - 3. Determine n(1).
-221
Let m(r) = 3*r**2 + 247*r - 3071. Calculate m(11).
9
Let i(r) = -348*r**2 + 2073*r + 8. What is i(6)?
-82
Let q(o) = -829*o + 8294. Determine q(10).
4
Let g(o) = -o**3 - 7*o**2 + 48*o + 283. Give g(-8).
-37
Let t(a) = -3*a**2 - 135*a - 885. Determine t(-8).
3
Let a(y) = 7*y + 177. Determine a(-16).
65
Let t(w) = -5*w - 89. What is t(-16)?
-9
Let s(i) = -847*i - 27942. What is s(-33)?
9
Let v(t) = -20*t**2 + 66*t + 183. Determine v(-2).
-29
Let j(v) = -86*v - 171. Determine j(-2).
1
Let y(a) = -5*a**3 - 23*a - 64. Give y(-3).
140
Let f(o) = -36*o**2 - 465*o + 28. Calculate f(-13).
-11
Let p(s) = -2*s**2 - 5*s - 8. What is p(8)?
-176
Let t(b) = 4*b**3 - 18*b**2 - 9*b + 4. Give t(-2).
-82
Let d(u) = -u**3 + 9*u**2 - 11*u - 6. Determine d(2).
0
Let x(k) = 3*k**2 + 97*k + 562. Calculate x(-25).
12
Let b(h) = 2*h**2 - 40*h - 67. Give b(19).
-105
Let y(z) = 10*z**2 + 841*z + 93. Calculate y(-84).
9
Let n(g) = -171*g + 792. Give n(4).
108
Let s(n) = -n**3 - 15*n**2 + 53*n + 1020. Determine s(-13).
-7
Let c(m) = 44*m**2 + 11*m - 12. Calculate c(1).
43
Let l(o) = 79*o + 838. Calculate l(-10).
48
Let p(x) = -506*x + 1410. Calculate p(3).
-108
Let u(l) = -2*l**3 + 150*l**2 + 186*l - 2589. What is u(76)?
-5
Let b(p) = p**3 - 91*p**2 + 883*p - 207. What is b(80)?
33
Let o(n) = 10*n**2 - 15*n + 36. Calculate o(4).
136
Let n(m) = -m**3 - 72*m**2 - 1099*m + 47. What is n(-50)?
-3
Let p(j) = j**2 - 246*j - 12098. Give p(-42).
-2
Let s(h) = -2*h**2 + 54*h - 150. Give s(21).
102
Let o(z) = 2*z**2 + 78*z + 862. Determine o(-18).
106
Let a(o) = 72*o + 1165. Calculate a(-16).
13
Let p(u) = u**3 + 11*u**2 + 21*u - 32. Calculate p(-6).
22
Let r(z) = -z**2 + 70*z - 552. Calculate r(60).
48
Let c(f) = 5*f**2 + 40*f - 264. Give c(4).
-24
Let l(f) = 135*f - 806. What is l(6)?
4
Let g(x) = -x**3 + 23*x**2 - 120*x + 13. Give g(15).
13
Let p(x) = -x**3 - 16*x**2 - 14*x - 210. Determine p(-16).
14
Let q(p) = 5*p - 135. Give q(13).
-70
Let f(h) = -3*h**3 - 44*h**2 - 23*h + 13. Calculate f(-14).
-57
Let j(b) = -116*b + 8699. Give j(75).
-1
Let q(a) = 518*a + 19119. Give q(-37).
-47
Let r(i) = i**2 - 159*i + 1200. Determine r(8).
-8
Let j(u) = 57*u - 115. Give j(3).
56
Let y(u) = u**2 + 15*u + 43. Deter